the tens digit of c?
5
Let p = -158 - -158. Suppose 15*f - 905 + 350 = p. What is the units digit of f?
7
Let w(v) = 195*v**2 + 3*v**3 - 11 - 187*v**2 + 0 - 2*v. What is the tens digit of w(5)?
5
Suppose -z - 2*i + 8 = z, -i + 8 = 5*z. Let r(w) = 69*w**2 + 3*w + 1. Let m(l) = l**2 - l - 1. Let a(h) = 2*m(h) + r(h). What is the tens digit of a(z)?
7
Let l be 136/36 - ((-4)/18)/1. Suppose n + d - l = 0, -d + 8 = 4*n + d. Suppose -8*v = -n*v - 1128. What is the units digit of v?
1
Let j(b) = -6*b - 25. Let x be j(-5). Let k(d) = -2*d**3 + 6*d**2 - 8*d + 8. Let m be k(x). Let f = m + 192. What is the units digit of f?
0
Let m be 72/20 + -4 - (-3447)/5. Let i = m - 622. What is the tens digit of i?
6
Suppose -286 = -s + 176. Suppose 0*v + s = 3*v. Suppose 0 = 7*x - 434 + v. What is the units digit of x?
0
Suppose 0 = 5*d - 2*z - 11, 4*z - 8 + 3 = d. Suppose n + 0 = d. Suppose 5*l + 17 = n*w - 5*w, 0 = -w - 4*l - 16. What is the units digit of w?
4
Let z(h) = -h - 18. Let a(x) = x**3 + 4*x**2 + 2*x - 7. Let s be a(-4). Let r be z(s). Let m(o) = -2*o**3 - 2*o**2 + 2*o - 6. What is the tens digit of m(r)?
2
Suppose 24*y + 7536 = -0*y. What is the tens digit of y*(8 + 38/(-4))?
7
Let f(p) = 2*p**2 + 14*p - 29. Suppose -7*a = 124 - 362. Suppose 0 = -4*u + a - 6. What is the hundreds digit of f(u)?
1
Let u(t) = 8*t**2 + 8*t + 17. Let s be u(-3). Suppose 64*n = s*n - 396. What is the tens digit of n?
9
Let h(r) = 2*r**2 - 23*r + 19. Let m be h(14). Suppose -9*x + m = 8. Suppose -5*u = -x*u + 576. What is the units digit of u?
4
What is the units digit of (-1)/5 + 1659724/220?
4
Suppose -g + 10 = 8. Suppose 3*l - 43 = -0*c - c, -3*l = g*c - 41. Let w = l + -6. What is the units digit of w?
9
Suppose 3*s = 3*d - 17043, 22*d = 23*d + 5*s - 5669. What is the units digit of d?
9
Let t(a) = -a**2 + 23*a - 55. Let f be t(23). Let w be 265/f + 5 - 2/11. Suppose -j - 4*k + 13 = w, 3*k - 2*k - 50 = -3*j. What is the tens digit of j?
1
Suppose 84*v = 88*v - 448. What is the hundreds digit of -20*(-7)/v*724?
9
What is the hundreds digit of 211/(4 + 2096/(-528))?
9
Suppose 142 = 83*b - 81*b. Let x = b - -115. What is the tens digit of x?
8
Suppose -27*f + 2719 = -5651. Suppose -2*b + 685 = 3*w, b + 9 - 369 = 2*w. Suppose 0 = 4*j + 20, 5*o - b = 3*j + f. What is the tens digit of o?
2
What is the hundreds digit of ((-344)/32 - -3)*(-1240)/((-20)/(-4))?
9
Let r(p) = p**3 - p**2 + 2*p + 103. Suppose -14*n = -12*n - 2. Let l be (0*3/(-12))/n. What is the units digit of r(l)?
3
Suppose 0*m - m - 6171 = -5*o, 0 = 5*o + 5*m - 6195. Let j = -627 + o. What is the units digit of (-1)/((-3)/2 - (-904)/j)?
6
Suppose 103*f - 15390551 = 18*f - 264*f. What is the hundreds digit of f?
0
Suppose 20 = -4*s, -g - 6*s + 4*s + 815 = 0. Suppose 0 = 6*f - g - 5877. What is the tens digit of f?
1
Let m be (-36)/162 + (-1084)/(-18). Suppose m = 2*y - 100. What is the units digit of y?
0
Let w(g) = -114*g - 1224. What is the units digit of w(-50)?
6
Let n(g) = -g**3 - 18*g**2 + 16*g + 62. Let s(v) = -v**3 - 19*v**2 + 17*v + 64. Let b(u) = -4*n(u) + 3*s(u). What is the units digit of b(-9)?
7
Let x(w) = 11*w**2 - 9*w + 40. Suppose 42 = 5*p + 27. Let i(t) = -4*t**2 + 3*t - 13. Let d(m) = p*x(m) + 8*i(m). What is the units digit of d(10)?
6
Let o be ((-4)/(-24))/((-3)/(-36)). Suppose -o*s + k - 6*k = -729, k - 1880 = -5*s. What is the units digit of s?
7
What is the tens digit of (6574 - -89) + 5/(-5)?
6
Suppose -5*d + 2*f = 5*f - 38, 3*d = -5*f + 26. Let o be (-171)/(-63) + 2/d. What is the hundreds digit of (-2 + o)*(290 + 5 + -3)?
2
Suppose -2*h = 5*z - 47, 4*h + z - 3*z = 58. Suppose h*f + 150 = 17*f - s, -2*s - 152 = -f. What is the tens digit of f?
4
Let y be (-1)/(((-20)/4)/(-40)). What is the hundreds digit of (-10)/(y/12*15/635)?
6
Suppose -69*f + 64*f + 20 = 0. Suppose -4*d = -f*w + 652, 0*d = -5*d + 10. What is the hundreds digit of w?
1
Let f = -3567 + 7282. Let o = f + -2438. What is the tens digit of o?
7
Suppose 0 = -2323*s + 2292*s + 200446. What is the thousands digit of s?
6
Suppose 0 = -2*d - 7*d. Suppose -3*j - t + 140 = d, 3*j + 2*t - 175 + 30 = 0. What is the units digit of j?
5
What is the ten thousands digit of 14 + 3 + (-546944)/(-16)?
3
Suppose -5*s = -4*y - 162268 + 62215, -2*s + 40016 = y. What is the tens digit of s?
0
Let b(v) = -4*v**2 + 20*v - 80. Let m be b(12). Let n = 688 + m. What is the units digit of n?
2
Let f = -6757 + 10940. Suppose 0 = 9*s - 2081 - f. What is the tens digit of s?
9
Let k = 3189 - -5414. What is the units digit of k?
3
What is the hundreds digit of (-72)/(-96) - (-387318)/24?
1
Let l(b) = 440*b**3 - 3*b**2 + 16*b - 27. What is the hundreds digit of l(2)?
5
Let a be -10*(24/32)/(15/(-16)). Suppose 0 = -6*o + a*o - 106. Let j = -46 + o. What is the units digit of j?
7
Suppose 0 = -644*w + 649*w - 13950. What is the tens digit of w?
9
Suppose -5*u - 87 = -8*u. Let m = 7 - u. What is the tens digit of 4/m - (2 - (-2648)/(-44))?
5
Suppose -33 = -10*c + 197. Let j(q) = -q**3 + 25*q**2 - 38*q - 10. What is the hundreds digit of j(c)?
1
Suppose -26*p + 10*p + 874557 = 11*p. What is the units digit of p?
1
Let x be 56/(13 - 6) - 3. Suppose h = -0*h + 2*i + 797, -4*h = -x*i - 3203. What is the hundreds digit of h?
8
Suppose -3*s + 172603 = 8*f, -10*f + 4*s = -5*f - 107871. What is the tens digit of f?
7
Let t = 130 + -57. Let s = 45 + t. Let b = s + -95. What is the tens digit of b?
2
Suppose 41*b - 516868 - 699602 = 0. What is the ten thousands digit of b?
2
Let j(o) be the first derivative of -415*o**2/2 - 226*o + 128. What is the thousands digit of j(-5)?
1
What is the thousands digit of ((-36)/10)/(9 + (-151833)/16870)?
0
Suppose -6*j = 5*v - 99250, v - 232 + 224 = 0. What is the tens digit of j?
3
Let b = 25 + -21. Suppose b*r - 406 = 1234. Suppose 5*n + r = 4*l + l, -2*l - 5*n = -129. What is the units digit of l?
7
Let r(w) = 172*w**3 - 6*w**2 + 8*w - 22. What is the units digit of r(3)?
2
Let s be (-1)/2*-2 - -2. Suppose 0 = 10*y - 41 + 1. Suppose d + o + s*o = 29, -3*d + 39 = -y*o. What is the tens digit of d?
1
Let p = 2732 + 5990. What is the hundreds digit of p?
7
Let y(c) = 2997*c**2 + c + 85. What is the tens digit of y(4)?
4
Suppose -q - 14 = -4*c, -3*c + 8*c + 4*q - 28 = 0. Suppose 185 = -o + c*p, p + 196 = 3*o + 795. Let w = o - -291. What is the units digit of w?
0
Let v = -44 - -42. Let w(q) = -29*q - 9. What is the tens digit of w(v)?
4
Suppose -3*k - 2*q + 35588 = 0, -73*k + 78*k - q - 59335 = 0. What is the hundreds digit of k?
8
Suppose 5*m = -2*v + 10763, 3*m + 3*v = -0*m + 6456. What is the units digit of m?
3
Suppose 2*k + k + 15 = 0, 2*m + 5*k - 2373 = 0. Suppose 29*r + m = 49890. What is the tens digit of r?
7
Let i(n) = 316*n + 90. Let j be i(10). Suppose -13*k - j = -38*k. What is the tens digit of k?
3
What is the ten thousands digit of (-651345)/(-36) - (-74)/888?
1
Let o be (20/(-16))/((-4)/32). Let m be (68/(-170))/(1/o*-1). What is the tens digit of (1374/18)/((12/9)/m)?
2
Let i = 459 + -453. What is the hundreds digit of -41*(-204)/i - -1?
3
Let o(f) = -f**3 - 2*f**2 + 4*f - 7. What is the hundreds digit of o(-19)?
0
Let x(y) = 2*y**2 + 17*y + 1814. What is the thousands digit of x(57)?
9
Let x = -89 + 185. Suppose -4*z - 3*i + 86 = -0*z, -4*z + 2*i + x = 0. What is the units digit of z?
3
Let i(t) = 4*t**3 + 2*t**2 - 34*t - 195. What is the ten thousands digit of i(21)?
3
Suppose 0 = 103*y - 583589 - 87559. What is the thousands digit of y?
6
Let p(z) = -19*z**3 - 10*z**2 - 30*z - 191. What is the units digit of p(-6)?
3
What is the hundreds digit of (-8020)/(-30)*(1 - -26)?
2
Let z = 731 - 728. Suppose -4*t + 4*n + 2400 = 0, -4*t - z*n = -9*t + 3006. What is the hundreds digit of t?
6
Suppose 33 = 3*d + 36, -3*o = 3*d + 45. Let n(r) = -36 - r - 12 - 4*r. What is the units digit of n(o)?
2
Let u(m) = m**3 - 17*m**2 - 2*m + 10. Suppose 0 = 6*q - 63 - 45. What is the units digit of u(q)?
8
Let t(m) = -m**2 - 4*m - 1307. Let y be t(0). Let d be 0 - (y - 0) - 4. Suppose 0 = 5*n + 3*u + 123 - d, -5*n + 4*u = -1215. What is the hundreds digit of n?
2
Suppose -2*r - 41 = -4*r - f, 39 = 2*r - f. Let u(w) = 0 - 10*w + r*w + 12 + 9*w. What is the tens digit of u(5)?
0
Let s(y) = 157*y**2 - 5370*y + 2. What is the unit